rivative of x**2/2 + 27*x + 162. Determine z(-22).
5
Let u(w) = -w**2 - 7*w + 1. Let h(t) = t**3 + 24*t**2 - 2*t - 53. Let j be h(-24). What is u(j)?
11
Let a(r) = r**3 + 5*r**2 - 6*r - 4. Let y be (-6)/(-21) - 248/(-14). Suppose 5*v + 4*n = -18, -2*n - y = -0*v + 4*v. Determine a(v).
-4
Let f = -16 + 18. Suppose -f*w + 0*w = 14. Let p(u) = 3*u**2 + 7*u - 4. Let b(o) = -o**2 + 1. Let d(h) = 2*b(h) + p(h). Give d(w).
-2
Let t(q) be the second derivative of -q**7/504 - q**6/720 + q**5/120 + 29*q**4/12 - 32*q. Let r(x) be the third derivative of t(x). Give r(1).
-5
Let j(v) = -v**3 + 8*v**2 - 9*v + 7. Let h be j(7). Let n be 2/(-2) - 1 - h. Let o(b) = -b + 5. What is o(n)?
0
Let c = 64 - 61. Suppose -5*f = 6*w - 4*w - 31, c*f - 9 = 2*w. Let y(d) = 2*d**2 - 2*d. Calculate y(w).
12
Let n(r) = r**3 + r**2 - 3*r. Let t be n(0). Let f(a) = -286 + 284 + t*a**2 - a**2 - 3*a. Calculate f(-4).
-6
Let p(g) = 7*g - 18. Let o(c) = -8*c + 20. Let l(h) = -2*o(h) - 3*p(h). Give l(4).
-6
Let c(v) = v**3 - 2*v**2 - v. Let j be c(-1). Let q(d) = -d**3 - 7*d**2 - 7*d - 5. Let b be q(-6). Let k(z) = -b + 3 + z**3 - 3*z**2 + 2*z**2. Give k(j).
-10
Let k be 6/(-21) + (-82)/7. Let t(s) = s**3 + 11*s**2 - 13*s - 17. Determine t(k).
-5
Let h(y) = -y**2 + 16*y - 2. Let n(w) = 30*w - 165. Let x be n(6). Calculate h(x).
13
Let c(m) be the first derivative of -4*m**3/3 + 21*m**2/2 - 5*m - 595. Determine c(5).
0
Let d(w) = 4*w + 1. Let k be d(1). Let r be k*(0/(-3) + 1). Let l(i) = -2*i - 12. Let j(b) = -2*b - 16. Let s(o) = -3*j(o) + 4*l(o). What is s(r)?
-10
Let l(a) = -a**2 - 2*a + 1. Let h(k) = -6 + 17 - 12. Let r(b) = -5*h(b) - l(b). Give r(3).
19
Let r = -5 - -8. Let b be (24/(-36))/((-2)/3). Let q(n) = 5*n + 4 - 5*n - b - 3*n. What is q(r)?
-6
Let h(a) = -a**2 - a - 22. Let o be (6/18 + (-8)/6)*0. Calculate h(o).
-22
Suppose 0 = 3*t - 13 - 17. Let n = t + -6. Suppose 2*r - n = -2*z, 4*r - 10 = 5*z - 2. Let w(x) = -x**3 - x**2 + x + 8. What is w(z)?
8
Let f(x) = -x + 1. Let u(s) be the first derivative of -9*s**2 + 6*s + 1. Let b(j) = -j**2 + 7*j - 1. Let p be b(7). Let z(t) = p*u(t) + 6*f(t). What is z(-1)?
-12
Let q(c) = c - 8. Suppose 0 = -3*f + 3*k + 3, -3*k = 2*k - 20. Suppose f*g = g. Calculate q(g).
-8
Let r(z) = 13 + z**3 + 13*z**2 - 33*z - 5*z + 5*z + 4*z - 1. Give r(-15).
-3
Suppose 20 = -5*d - 5*f, 0 = -4*d + 2*d + f - 14. Let j = 17 - -9. Let s(n) = -j - 21 + 41 - 2*n. Determine s(d).
6
Suppose -125 + 92 = -11*x. Let t = -2 + 7. Let n(c) = -4 + 2 + 0 - t*c. Give n(x).
-17
Let g(u) be the third derivative of -u**4/24 + 2*u**3/3 + 5*u**2. Let s be 1/(3/(23 + 1)). Let a be g(s). Let v(i) = -i**3 - 5*i**2 - 3*i + 5. Calculate v(a).
1
Suppose 48*j + 5 = 53*j. Let x(a) = -1 + 0*a**3 + 51*a - 50*a + 2*a**3. Calculate x(j).
2
Suppose -r + 9 = 2*r. Suppose -r*q - 26 = 4*y + y, -16 = 2*y + 4*q. Let k(f) = 4*f + 9. Let m(n) = -4*n - 10. Let w(h) = -6*k(h) - 5*m(h). Determine w(y).
12
Let z(f) = -2*f + 8. Let q = 275 - 269. What is z(q)?
-4
Let x(t) = t**2 - t + 1. Let u(o) = o**3 - 7*o**2 - 9*o + 52. Let j be u(7). Suppose 5*s + 41 = 3*q, -7*q + 3*q + 50 = -2*s. Let n = q + j. Give x(n).
1
Suppose -q + 11 - 4 = 0. Let z(h) be the third derivative of h**6/120 - h**5/10 - h**4/3 - 5*h**3/6 + 243*h**2 - 2*h. What is z(q)?
-12
Suppose 0 = -2*x + 5*x - 24. Let b be (3/(-2))/((-4)/x). Let k(r) = -4 + r**b + 0 + 1. Give k(0).
-3
Let p be (-2 - 2)*(-3)/2. Let w(u) be the third derivative of u**4/24 + u**2. Calculate w(p).
6
Suppose 0 = -3*g + 16 - 1, -27 = 2*u - 3*g. Let n be u/21 + (-19)/7 - -2. Let v(c) = 16*c**2 - c. What is v(n)?
17
Let i(z) = 2*z - 5 + 3 - 51908*z**2 + 51909*z**2. Suppose -3*m + 8 = -m. Suppose 0*b - m*j = 4*b - 4, -5*b = 3*j - 9. What is i(b)?
13
Let q(w) = w + 9. Let b = -19 - -15. Let p = -1 - b. Suppose 0 = -v + p*v. Calculate q(v).
9
Let a(w) = -6*w**2 + 4*w - 1. Let r(h) = 7*h**2 - 4*h + 1. Let u(n) = -6*a(n) - 5*r(n). Suppose 4*l = 31 - 11. Give u(l).
6
Let w(q) = 2*q - 5. Suppose -10*k - 10*k + 80 = 0. What is w(k)?
3
Let r(d) be the third derivative of d**4/12 + 5*d**3/3 + 593*d**2. What is r(-5)?
0
Suppose 567*b - 592*b = 150. Let u(r) = -r**2 - 4*r + 15. Give u(b).
3
Let f(q) = 10 - q**2 + 7 + 3 - 3 + q. Suppose 0 = 254*p - 255*p. Calculate f(p).
17
Let z(y) = y - 6. Suppose -p - 3*m - 100 = -6*p, -4*p = -5*m - 80. Let j be 1/(2 - p/12). Let u be z(j). Let f(r) = r - 4. Give f(u).
-7
Let w(i) = -i. Let p(c) be the second derivative of -5*c**3/6 - 17*c**2/2 - 39*c. Let a(b) = p(b) - 6*w(b). Determine a(9).
-8
Let z(p) = 6*p**2 - 2 - 3*p**2 - 2*p**2 + 0*p**2 - p. Suppose -u - 4 - 2 = -q, -5*q - u + 6 = 0. Let b be z(q). Let h(g) = g + 2. Give h(b).
2
Let q be ((-940)/30)/(4/(-6)). Let u = 48 - q. Let b(o) be the second derivative of o**3/6 - o**2/2 + 2*o. What is b(u)?
0
Suppose 3*a = 5*a. Let d(u) = -2*u + a - 3 + 6*u - u**3 - 3*u + 6*u**2. Let w be d(6). Let z(h) = -h**3 + 4*h**2 - 2*h - 3. What is z(w)?
0
Let m(h) be the third derivative of h**5/60 - 3*h**4/8 - 2*h**2. Suppose -s - 23 = -4*w, 2*s - 6 = 3*w - 27. Give m(w).
-20
Let q be 3*(-4)/18*-6. Suppose 4*x - 4 = -4*f, 2*f - 4*x = -0*f - 4. Let k(b) = f - b + 1 + 0*b + 1. What is k(q)?
-2
Let u(f) = f - 1. Let i = 17 - 11. Suppose 9*p - i = 7*p. Suppose 3*h - p*z = 7 + 5, 0 = -2*h + 5*z + 17. Determine u(h).
0
Let a(n) = -2*n**2 - 5*n - 3. Let v(q) = -21*q + 8. Let g be v(2). Let k = g + 31. Determine a(k).
-6
Suppose 274*p - 295*p - 67 - 17 = 0. Let h(l) = 4 + 0*l**2 + l**2 - 4*l - 3*l**2. What is h(p)?
-12
Let y(w) = -2*w. Let q be y(-2). Let k(s) = 0 - 4 + 0 - q*s - 1. Let c(a) = -a**2 - 6*a - 4. Let l be c(-6). Calculate k(l).
11
Let f(t) = -2*t. Let p = 21 + -25. Calculate f(p).
8
Let r(q) = 2*q**2 - 8*q - 5. Let p = 643 - 635. What is r(p)?
59
Let t(g) be the first derivative of -g**2 - 4*g + 98. Let f = 25 + -19. Calculate t(f).
-16
Let k(z) = -3*z**2 - 16*z - 8. Let b(t) be the first derivative of 2*t**3 + 17*t**2 + 17*t - 25. Let n(m) = 6*b(m) + 13*k(m). What is n(-2)?
-6
Let w(b) = -7*b - 4. Suppose -i + c - 24 = -0*i, c + 81 = -4*i. Let o(g) = 35*g + 21. Let t(d) = i*w(d) - 4*o(d). Calculate t(2).
14
Suppose -5*c + 20 = 0, -4*f + 4*c - 4 = -0*f. Suppose 7*v - f*v = 0. Let j = v + -5. Let p(z) = z**3 + 5*z**2 + 2. Give p(j).
2
Let i(l) be the third derivative of 2/3*l**3 + 0*l + 1/120*l**6 - 1/15*l**5 + 0 - 2*l**2 - 1/24*l**4. Let v(d) = -28*d + 284. Let w be v(10). Give i(w).
0
Let a(u) be the third derivative of -u**6/120 + u**5/5 + u**4/24 + 17*u**3/6 - 163*u**2. Give a(12).
29
Suppose 3*g + 37 = 4*b, -7 - 5 = 4*g. Let f(a) = -a**2 + 8*a + 7. Let m(x) = -2*x**2 + 15*x + 14. Let v(h) = 7*f(h) - 4*m(h). Calculate v(b).
14
Suppose 2*x - 4*b = 46, 5*x = 7*b - 12*b + 55. Let u(k) = k**3 - 15*k**2 - 2*k + 20. What is u(x)?
-10
Let s(k) = -26*k + 27*k + 1 - 5*k**3 + 5*k**2 + 4*k**3 + 0*k**3. Give s(4).
21
Let w(i) = -i**3 - 3*i**2 - i + 2. Suppose -3*z = 3*n - 5*z + 11, 0 = 4*n - 5*z + 17. What is w(n)?
5
Let o(s) = s**3 - 3*s**2 - 3*s - 1. Let d be o(4). Let q(c) = -c - d*c + 0*c - c - 1. What is q(1)?
-6
Suppose a - 59 = 2*q, -q + 108 = 2*a - 5. Let s(x) = -27 + a - 3*x - 33. Determine s(-2).
3
Let s(f) = 6*f. Let y(b) = b. Let l(z) = -s(z) + 3*y(z). Suppose 0 = -3*t - 4*j + 31, -t = t + 2*j - 20. Suppose -t*g = -6*g - 9. Give l(g).
-9
Let u(j) = -2*j + 11. Suppose 2*s + 37 - 17 = o, 0 = -2*s - 2*o - 8. What is u(s)?
27
Let v(y) = y**3 - 12*y**2 - y - 3. Let j(c) = 2*c**3 - 16*c**2 - c - 4. Let m(x) = -2*j(x) + 3*v(x). Calculate m(-4).
3
Suppose -g + 2*x - 7 = 0, -74*g + 75*g + 1 = -x. Let w(o) = -2*o - 10. What is w(g)?
-4
Let p(h) = -10*h**2 + 7*h + 32*h**2 - 23*h**2 + 4 - 6. Determine p(7).
-2
Let c(y) = -y**3 + 4*y**2 + y + 1. Suppose -6*v = -3*v - 18. Let a(o) = 0*o + 5*o + 16 + 2*o - v*o. Let k be a(-12). Give c(k).
5
Let x(s) be the first derivative of 0*s - s**2 + 35 - 5/3*s**3 - 1/4*s**4. Determine x(-4).
-8
Let u(s) = -5*s + 24. Let a(k) = -k + 6. Let p(n) = -9*a(n) + 2*u(n). Let j be p(-3). Let h(m) = m**3 - 3*m + 3. What is h(j)?
-15
Suppose -4*q - 11 = -15. Let t(d) = -2*d**3 - d**3 + 2*d**3 - d - d**2 + 2*d**3 + q. Calculate t(0).
1
Let p = -27 - -21. Let j be (-4)/((-2)/p + -1). Let v(d) = -d + 2. Let l(o) = -2*o + 3. Let b(h) = 2*l(h) - 3*v(h). Calculate b(j).
